s the remainder when 720 is divided by 671?
49
What is the remainder when 10606 is divided by 223?
125
Calculate the remainder when 310698 is divided by 103545.
63
What is the remainder when 22818 is divided by 2392?
1290
What is the remainder when 63023 is divided by 116?
35
What is the remainder when 365506 is divided by 93?
16
Calculate the remainder when 162969 is divided by 6033.
78
Calculate the remainder when 1729 is divided by 32.
1
What is the remainder when 162837 is divided by 12?
9
What is the remainder when 2047 is divided by 41?
38
Calculate the remainder when 89785 is divided by 438.
433
Calculate the remainder when 57482 is divided by 39.
35
What is the remainder when 18440 is divided by 18299?
141
What is the remainder when 4038 is divided by 1026?
960
Calculate the remainder when 123121 is divided by 22.
9
What is the remainder when 6246 is divided by 178?
16
Calculate the remainder when 5305 is divided by 76.
61
What is the remainder when 41818 is divided by 17?
15
Calculate the remainder when 62084 is divided by 105.
29
Calculate the remainder when 1493527 is divided by 8.
7
What is the remainder when 48461 is divided by 584?
573
Calculate the remainder when 74249 is divided by 55.
54
What is the remainder when 10594 is divided by 152?
106
What is the remainder when 2318 is divided by 53?
39
Calculate the remainder when 88403 is divided by 725.
678
Calculate the remainder when 8824408 is divided by 609.
607
Calculate the remainder when 302452 is divided by 162.
160
What is the remainder when 156727 is divided by 15?
7
What is the remainder when 11749 is divided by 10?
9
What is the remainder when 2602 is divided by 280?
82
What is the remainder when 38368 is divided by 3835?
18
What is the remainder when 10751 is divided by 12?
11
What is the remainder when 566 is divided by 261?
44
What is the remainder when 17992 is divided by 121?
84
What is the remainder when 16992 is divided by 275?
217
What is the remainder when 841570 is divided by 145?
135
Calculate the remainder when 5886 is divided by 1168.
46
What is the remainder when 2973 is divided by 1305?
363
What is the remainder when 16839 is divided by 510?
9
What is the remainder when 92 is divided by 6?
2
Calculate the remainder when 5062 is divided by 77.
57
Calculate the remainder when 1573234 is divided by 27.
25
Calculate the remainder when 716012 is divided by 1669.
11
What is the remainder when 2768 is divided by 893?
89
Calculate the remainder when 43036 is divided by 212.
0
What is the remainder when 1469 is divided by 55?
39
Calculate the remainder when 434574 is divided by 1384.
1382
What is the remainder when 4785 is divided by 436?
425
What is the remainder when 20020 is divided by 242?
176
What is the remainder when 60644 is divided by 311?
310
What is the remainder when 82740 is divided by 949?
177
Calculate the remainder when 27431 is divided by 27421.
10
What is the remainder when 3022513 is divided by 7?
4
Calculate the remainder when 11922 is divided by 77.
64
What is the remainder when 61269 is divided by 12?
9
Calculate the remainder when 22564 is divided by 7508.
40
What is the remainder when 1548 is divided by 510?
18
Calculate the remainder when 6522 is divided by 871.
425
What is the remainder when 329381 is divided by 15?
11
Calculate the remainder when 1182179 is divided by 295541.
15
Calculate the remainder when 121511 is divided by 3919.
22
What is the remainder when 5480 is divided by 2732?
16
Calculate the remainder when 73641 is divided by 36810.
21
What is the remainder when 3956 is divided by 495?
491
What is the remainder when 312135 is divided by 92?
71
What is the remainder when 436238 is divided by 75?
38
What is the remainder when 13555 is divided by 422?
51
What is the remainder when 248 is divided by 104?
40
What is the remainder when 10333 is divided by 1486?
1417
Calculate the remainder when 2486 is divided by 2373.
113
What is the remainder when 83098 is divided by 32?
26
What is the remainder when 13692 is divided by 4545?
57
Calculate the remainder when 1565761 is divided by 210.
1
Calculate the remainder when 84 is divided by 70.
14
Calculate the remainder when 537 is divided by 442.
95
What is the remainder when 414994 is divided by 71?
70
Calculate the remainder when 297663 is divided by 628.
619
What is the remainder when 16661 is divided by 7565?
1531
Calculate the remainder when 1500 is divided by 20.
0
What is the remainder when 1726 is divided by 829?
68
What is the remainder when 5558731 is divided by 529?
528
Calculate the remainder when 10624903 is divided by 15.
13
What is the remainder when 288 is divided by 138?
12
What is the remainder when 115364 is divided by 76?
72
Calculate the remainder when 48830 is divided by 47.
44
What is the remainder when 540922 is divided by 270457?
8
Calculate the remainder when 57509 is divided by 639.
638
What is the remainder when 8765 is divided by 674?
3
Calculate the remainder when 177873 is divided by 6.
3
Calculate the remainder when 2248 is divided by 59.
6
What is the remainder when 1698 is divided by 242?
4
What is the remainder when 5987 is divided by 1464?
131
What is the remainder when 2344 is divided by 239?
193
Calculate the remainder when 1633 is divided by 275.
258
Calculate the remainder when 11869 is divided by 165.
154
What is the remainder when 1871 is divided by 793?
285
What is the remainder when 39972 is divided by 1909?
1792
Calculate the remainder when 15834 is divided by 2637.
12
What is the remainder when 189880 is divided by 94927?
26
Calculate the remainder when 19853 is divided by 82.
9
Calculate the remainder when 9338 is divided by 406.
0
What is the remainder when 10535 is divided by 867?
131
Calculate the remainder when 175463 is divided by 23.
19
Calculate the remainder when 124370 is divided by 7.
1
What is the remainder when 5631 is divided by 5599?
32
What is the remainder when 28767 is divided by 160?
127
Calculate the remainder when 2720020 is divided by 495.
490
What is the remainder when 65062 is divided by 21555?
397
What is the remainder when 2913 is divided by 175?
113
Calculate the remainder when 9110 is divided by 571.
545
Calculate the remainder when 85650 is divided by 113.
109
What is the remainder when 78298 is divided by 317?
316
What is the remainder when 13023 is divided by 149?
60
Calculate the remainder when 8527 is divided by 2656.
559
What is the remainder when 178130 is divided by 166?
12
What is the remainder when 397029 is divided by 43?
10
Calculate the remainder when 5957 is divided by 244.
101
Calculate the remainder when 65596 is divided by 58.
56
What is the remainder when 7401 is divided by 74?
1
What is the remainder when 736 is divided by 110?
76
Calculate the remainder when 4942 is divided by 53.
13
Calculate the remainder when 44654 is divided by 245.
64
What is the remainder when 50795 is divided by 69?
11
Calculate the remainder when 253026 is divided by 260.
46
What is the remainder when 24296 is divided by 56?
48
Calculate the remainder when 4726 is divided by 110.
106
What is the remainder when 4797 is divided by 242?
199
What is the remainder when 204699 is divided by 459?
444
What is the remainder when 1461103 is divided by 135?
133
Calculate the remainder when 2288 is divided by 2183.
105
Calculate the remainder when 6654 is divided by 2213.
15
What is the remainder when 4004428 is divided by 533?
532
Calculate the remainder when 1329946 is divided by 43.
42
Calculate the remainder when 163653 is divided by 18.
15
What is the remainder when 14432 is divided by 17?
16
Calculate the remainder when 11075 is divided by 694.
665
What is the remainder when 63235 is divided by 103?
96
Calculate the remainder when 3340 is divided by 223.
218
What is the remainder when 759 is divided by 213?
120
What is the remainder when 279215 is divided by 346?
339
What is the remainder when 1627715 is divided by 86?
79
What is the remainder when 11589 is divided by 36?
33
Calculate the remainder when 20887 is divided by 9998.
891
Calculate the remainder when 77155 is divided by 37.
10
Calculate the remainder when 16828 is divided by 62.
26
What is the remainder when 13704 is divided by 764?
716
What is the remainder wh